{"id":6322,"date":"2021-05-03T00:21:41","date_gmt":"2021-05-02T22:21:41","guid":{"rendered":"https:\/\/sn.ambaguinee.org\/?page_id=6322"},"modified":"2024-03-03T20:42:25","modified_gmt":"2024-03-03T19:42:25","slug":"mes-demarches","status":"publish","type":"page","link":"https:\/\/sn.ambaguinee.org\/?page_id=6322","title":{"rendered":"Mes d\u00e9marches au S\u00e9n\u00e9gal"},"content":{"rendered":"\n<h1 class=\"wp-block-heading\"><\/h1>\n\n\n\n<div class=\"wp-block-image\"><figure class=\"aligncenter\"><img decoding=\"async\" src=\"https:\/\/sn.ambaguinee.org\/wp-content\/uploads\/2021\/03\/france-services-accueil-du-public-h.jpg\" alt=\"\" class=\"wp-image-2283\"\/><\/figure><\/div>\n\n\n\n<p>Liens utiles pour les d\u00e9marches avec l\u2019administration fran\u00e7aise :<\/p>\n\n\n\n<ul><li><a href=\"https:\/\/www.service-public.fr\/particuliers\/vosdroits\/N19804\">https:\/\/www.service-public.fr\/particuliers\/vosdroits\/N19804<\/a><\/li><li><a href=\"https:\/\/www.service-public.fr\/particuliers\/vosdroits\/N105\">Entrer en France<\/a><\/li><li><a href=\"https:\/\/www.service-public.fr\/particuliers\/vosdroits\/N11165\">Regroupement familial<\/a><\/li><li><a href=\"https:\/\/www.service-public.fr\/particuliers\/vosdroits\/N106\">Demande d\u2019asile (r\u00e9fugi\u00e9, apatride\u2026)<\/a><\/li><li><a href=\"https:\/\/www.service-public.fr\/particuliers\/vosdroits\/N107\">Travailler en France<\/a><\/li><li><a href=\"https:\/\/www.service-public.fr\/particuliers\/vosdroits\/N110\">Titre de s\u00e9jour et document de circulation<\/a><\/li><li><a href=\"https:\/\/www.service-public.fr\/particuliers\/vosdroits\/N111\">Nationalit\u00e9 fran\u00e7aise<\/a><\/li><li><a href=\"https:\/\/www.service-public.fr\/particuliers\/vosdroits\/N109\">\u00c9loignement (expulsion, OQTF\u2026)<\/a><\/li><\/ul>\n","protected":false},"excerpt":{"rendered":"<p>Liens utiles pour les d\u00e9marches avec l\u2019administration fran\u00e7aise : https:\/\/www.service-public.fr\/particuliers\/vosdroits\/N19804 Entrer en France Regroupement familial Demande d\u2019asile (r\u00e9fugi\u00e9, apatride\u2026) Travailler en France Titre de s\u00e9jour et document de circulation Nationalit\u00e9 fran\u00e7aise \u00c9loignement (expulsion, OQTF\u2026)<\/p>\n","protected":false},"author":1,"featured_media":0,"parent":0,"menu_order":0,"comment_status":"closed","ping_status":"closed","template":"","meta":{"footnotes":""},"_links":{"self":[{"href":"https:\/\/sn.ambaguinee.org\/index.php?rest_route=\/wp\/v2\/pages\/6322"}],"collection":[{"href":"https:\/\/sn.ambaguinee.org\/index.php?rest_route=\/wp\/v2\/pages"}],"about":[{"href":"https:\/\/sn.ambaguinee.org\/index.php?rest_route=\/wp\/v2\/types\/page"}],"author":[{"embeddable":true,"href":"https:\/\/sn.ambaguinee.org\/index.php?rest_route=\/wp\/v2\/users\/1"}],"replies":[{"embeddable":true,"href":"https:\/\/sn.ambaguinee.org\/index.php?rest_route=%2Fwp%2Fv2%2Fcomments&post=6322"}],"version-history":[{"count":15,"href":"https:\/\/sn.ambaguinee.org\/index.php?rest_route=\/wp\/v2\/pages\/6322\/revisions"}],"predecessor-version":[{"id":63462,"href":"https:\/\/sn.ambaguinee.org\/index.php?rest_route=\/wp\/v2\/pages\/6322\/revisions\/63462"}],"wp:attachment":[{"href":"https:\/\/sn.ambaguinee.org\/index.php?rest_route=%2Fwp%2Fv2%2Fmedia&parent=6322"}],"curies":[{"name":"wp","href":"https:\/\/api.w.org\/{rel}","templated":true}]}}